 Suppose -g*j + 22 = -9*j. What is the greatest common divisor of k and j?
22
Let y = 44 + 28. Let v be (126/30)/((-98)/(-420)). Let n = v + y. Calculate the highest common factor of n and 45.
45
Let y be ((-32)/3)/(1 - (-11)/(-9)). Let x = -154 + 410. Calculate the highest common factor of x and y.
16
Let d be (-6)/4 - (-1)/((-6)/(-21)). Suppose -30*c + 33*c = g - 24, -d*g + 4*c + 48 = 0. Calculate the greatest common divisor of 216 and g.
24
Suppose 649 = 27*x - 26*x. Suppose 0 = -19*u + 5589 - x. Calculate the greatest common factor of u and 20.
20
Let l(c) = 21*c - 589. Let m be l(29). Suppose 6*h - 100 = h. Calculate the highest common divisor of h and m.
20
Let i be 54/6*10/15 - -20. Let a(u) = 2*u**3 + u**2 - 6*u + 10. Let s be a(4). Calculate the highest common divisor of i and s.
26
Let o = 5660 - 5583. What is the highest common factor of 13321 and o?
77
Let z(d) = -d**3 + 31*d**2 - 26*d - 15. Let x be z(30). Calculate the greatest common divisor of 75 and x.
15
Let p(h) = -h**3 + 16*h**2 + 8*h - 31. Let l be p(16). Suppose 89*f + 768 = l*f. What is the highest common factor of 32 and f?
32
Let r(h) = 3*h**3 - 66*h**2 + 143*h - 218. Let t be r(23). Calculate the highest common factor of t and 34.
34
Let d be (-1)/((-10)/64) + (-22)/55. Let g be -8*(d/(-2) + 375/(-20)). What is the highest common factor of g and 116?
58
Let g be -4 + 7 - (-101 - 1). Let l be (-12)/(-28) + 1635/g. Calculate the greatest common divisor of 24 and l.
8
Suppose -20*d + 28*d - 26*d = -252. Calculate the greatest common factor of 3 and d.
1
Let y(v) = v**3 - 12*v**2 - 15*v + 26. Let x be y(13). Suppose -2*i + 277 - 25 = x. Calculate the greatest common divisor of 14 and i.
14
Suppose -68 = -4*k + 396. Let d = -87 + k. Suppose -966 + 43 = -4*u - 5*a, 2*u = -3*a + 461. Calculate the highest common factor of d and u.
29
Let h(g) = 85*g**3 + g**2 - 1. Let m = 5 - 4. Let c be h(m). Let d = 5409 + -5392. What is the highest common divisor of d and c?
17
Suppose 3*x + 2*q + 6 = 0, x - 2 - 7 = 3*q. Suppose -2*t + 48 = m - x*t, t = -4. What is the highest common divisor of m and 84?
28
Let o be 12 - (-147)/(-14)*1/((-3)/(-2)). Calculate the highest common factor of 96 and o.
1
Suppose 464 - 2816 = -9*n - 3*n. What is the highest common factor of n and 448?
28
Suppose 4*m + 3*b - 429 - 220 = 0, -3*m + 488 = 2*b. Let g be 0 + (-167 + 1)/(-2). Calculate the highest common divisor of m and g.
83
Suppose -34*z + 83*z - 23716 = 0. What is the highest common factor of 5929 and z?
121
Suppose -n + d = -145, 5*n + 55*d - 721 = 59*d. Calculate the greatest common factor of n and 5311.
47
Let q(u) = 2*u + 6. Let h be q(9). Let v = 15881 - 15473. Calculate the highest common factor of v and h.
24
Suppose 0 = 9*w - 5*w - 16. Suppose -3*i + 8*x + 22 = 10*x, w*i - 3*x = 35. Calculate the greatest common factor of i and 2.
2
Let f be (-3808)/51*((-100)/30 + (-1)/(-3)). What is the greatest common factor of f and 49?
7
Suppose f - 3*o + 1 = 31, 0 = -5*f - 3*o + 78. Suppose 0 = -18*a + 19*a + f. Let c = a - -46. Calculate the highest common factor of c and 70.
14
Suppose 3*i = -4*d - 13, 3*i + 1 + 5 = 3*d. Let s(o) = -99*o**3 - o**2. Let y be s(d). Suppose 27 = 5*q - 43. Calculate the highest common factor of q and y.
14
Let g be (-3)/2*(132/(-18) + 6). Suppose g*v - 1235 = -11*v. Let x = -91 + v. What is the highest common divisor of 36 and x?
4
Suppose 11*n = 13*n - 6. Let u(f) be the first derivative of f**3 - f**2/2 + 3*f - 7. Let v be u(-3). Calculate the greatest common factor of n and v.
3
Let s be (7 + -7)/1 + 30. Let a = s + -14. What is the greatest common factor of a and 256?
16
Suppose 3*b = 7*b - 120. Let p(h) = h**3 - 10*h**2 - 61*h - 180. Let v be p(15). What is the highest common factor of b and v?
30
Suppose -6633 = 41*q - 403923. Calculate the greatest common divisor of q and 210.
30
Let q(f) = 5*f - 20. Let u be q(-3). Let z be 14/u + 74/10. Calculate the highest common divisor of z and 224.
7
Suppose 8*a = 7*a - 36. Let q be (-1 - 5/3)/(4/a). Let y be (-18)/(-8) - 6/q - -23. What is the highest common factor of y and 75?
25
Suppose -g - g = 2*u - 136, 0 = -5*u + 4*g + 376. Let x = u + -69. Calculate the highest common factor of x and 4.
1
Suppose -79*f = -83*f - 3*a + 425, 0 = -2*f + 5*a + 245. Calculate the highest common factor of 22 and f.
22
Let b be -1 + (-2 - (0 + 0)). Suppose 3*q - 27 = 2*s - 7*s, 2 = 4*q + s. Let n be b/(5/22 + q/2). What is the highest common divisor of n and 11?
11
Let u(v) = -94 + 5*v + 37 + 16*v**2 + 85 - v**3 - 22*v. Let w be u(15). Let z be (592/(-20))/w - 2/(-10). Calculate the highest common factor of z and 120.
15
Let j be (-9)/(-66)*2 + (-105256)/(-9812). Let a be (1 - -1)*(-11)/(-2). Calculate the greatest common factor of j and a.
11
Let w(h) = 12*h + 3. Let g be w(2). Let a be (3 + g - -2) + 2. Suppose -20 = -4*t + 5*y, 4*t - 14 - a = -2*y. What is the highest common factor of 110 and t?
10
Let w(z) = -49*z + 938. Let a be w(8). Calculate the highest common divisor of a and 294.
42
Let k(i) = 19*i - 2 - 3 + 2 - 18*i + 147*i**2. Let b be k(1). Calculate the greatest common divisor of b and 319.
29
Let l be (19/2)/((-15)/18*39/(-4355)). Calculate the greatest common divisor of l and 19.
19
Let l be 3*(-665 + (3 - -1))*-7. Calculate the highest common factor of 21 and l.
21
Let l be (-16 - 3)*136/(-8). Suppose -31*y = -26*y - 95. What is the highest common factor of l and y?
19
Let y(d) = 7*d**2 - 6*d - 15. Suppose -9*i = 2*i + 44. Let a be y(i). Let r = 153 - a. Calculate the greatest common divisor of r and 80.
16
Let p = 14 + -9. Suppose p*t + 226 = -j + 5*j, -j = -4*t - 51. Let c = 94 - j. Calculate the highest common factor of c and 7.
7
Suppose 0 = -y + 297*m - 292*m + 41613, m = 8*y - 333099. Calculate the highest common factor of 218 and y.
218
Suppose 21*k = -151 + 1747. Calculate the greatest common divisor of 7 and k.
1
Suppose -4*v - 25 = 3*s - 44, 4*s - 3*v = 17. Suppose -q + 137 = 2*f, -3*f + 0*f = -s*q + 724. Calculate the highest common divisor of q and 13.
13
Let i(y) = 18*y - 15. Let k be i(1). Let g be (10/(50/(-105)))/(k/(-1)). Calculate the greatest common divisor of g and 35.
7
Suppose 2*r = -0*r - 14. Let k(x) = -34*x - 58. Let h be k(r). What is the highest common factor of 20 and h?
20
Let t(p) = 4*p**3 + 33*p**2 - 19*p - 12. Let m be t(-8). Calculate the highest common divisor of m and 4131.
51
Suppose 4*l - 529 = 2*m - 725, 0 = 5*m - 4*l - 454. What is the highest common factor of 11696 and m?
86
Let w be (2/5)/(22/495*3/40). What is the highest common divisor of 1128 and w?
24
Let d be (-4)/10 + (-304)/(-10). Let n(r) = r**3 + 18*r**2 + 81*r + 62. Let p be n(-11). What is the highest common factor of p and d?
6
Let h be -3*(-3 + 15/(-18)*-4). Let g be 3 - (h - -1 - -1) - -9. Suppose 5*k = 2*b + 11, -5*b = 20 - 5. What is the highest common factor of g and k?
1
Let u(x) = -x**3 + 16*x**2 + 16*x + 83. Let c be u(17). Calculate the greatest common factor of 1254 and c.
66
Suppose 196 = -q + 4*d, d + 568 + 46 = -3*q. Let k = q + 384. What is the highest common factor of k and 72?
36
Let r be (-2)/((-14)/147)*(-52)/(-4). Calculate the highest common factor of r and 756.
21
Let s(o) = -325*o + 4615. Let w be s(6). Calculate the highest common factor of 164 and w.
41
Suppose 0 = 2*x - 520 + 128. Let d = 2142 + -2114. Calculate the greatest common factor of d and x.
28
Suppose -7 = -2*u + q - 3, 5*u + 4 = -q. Let l(f) = f**2 + 5*f + 5. Let p be l(-5). Suppose -p*k + 3 + 22 = u. Calculate the greatest common factor of 40 and k.
5
Let v(p) = 10 + 23*p - 25*p + 7. Let t be v(-1). Calculate the greatest common divisor of t and 19.
19
Let u(c) = 163*c - 4884*c**2 + 7 + 4880*c**2 + 3. Let w be u(30). Calculate the greatest common divisor of w and 52.
52
Suppose -2*n + 18 - 6 = 0. Suppose 0 = -n*k + 115 + 41. Let j(o) = o**3 - 19*o**2 + 22*o - 7. Let a be j(18). What is the highest common factor of k and a?
13
Let n(r) = 5*r**2 + 5*r + 47. Let j be n(0). What is the greatest common divisor of j and 1363?
47
Let v(q) = -97*q - 47. Let f be v(3). Let o = f - -349. Calculate the highest common factor of 110 and o.
11
Suppose 0 = -u - 2*b - 0*b - 6, 0 = -4*u + 5*b + 15. Suppose 2*y = 5*v + 8, -5*y + u*y + 43 = -v. Wh